36. Give n(51).
-21
Let n(q) = 8*q**3 + 18*q**2 + 42*q - 174. Give n(2).
46
Let k(x) = -x**3 + 112*x**2 - 2400*x + 283975. Determine k(113).
6
Let o(r) = -34278*r + 308643. What is o(9)?
141
Let h(w) = 565*w**2 - 232766*w - 5766. Calculate h(412).
2
Let u(v) = 6*v**3 - 184*v**2 - 80*v + 82. Give u(31).
-476
Let q(t) = 3*t**2 - 2356*t + 134570. What is q(62)?
30
Let z(c) = -23219*c + 348329. Calculate z(15).
44
Let m(g) = 359359*g - 6. Determine m(0).
-6
Let n(a) = 5*a**3 - 440*a**2 - 123. Determine n(88).
-123
Let j(z) = 2*z**3 + 15*z**2 - 240*z - 1512. Calculate j(-6).
36
Let x(j) = 30*j**2 - 2419*j - 4840. Give x(-2).
118
Let h(g) = -g**3 - 103*g**2 - 2324*g - 2790. What is h(-31)?
62
Let t(i) = -2*i**3 + 8*i**2 + 1106*i - 4430. What is t(4)?
-6
Let f(i) = 1521*i + 33598. Determine f(-22).
136
Let g(j) = 970*j - 132998. Calculate g(137).
-108
Let v(q) = 229*q + 21755. What is v(-94)?
229
Let c(s) = -269*s - 86279. Determine c(-321).
70
Let p(c) = -c**3 + 760*c**2 - 170*c + 129211. Calculate p(760).
11
Let v(y) = 3390*y + 532241. Give v(-157).
11
Let n(p) = -p**3 - 60*p**2 + 39085*p + 2576. What is n(170)?
26
Let o(s) = 2*s**2 - 141563*s - 283129. What is o(-2)?
5
Let i(s) = 8*s**2 - 863*s + 6557. Calculate i(100).
257
Let j(q) = -14229061*q + 14229063. Give j(1).
2
Let m(s) = s**2 + 49*s + 300. Determine m(-19).
-270
Let c(q) = -8*q**2 - 783*q - 3850. Calculate c(-93).
-223
Let y(p) = 456*p - 2826. Determine y(9).
1278
Let k(s) = 23*s - 880. Give k(21).
-397
Let c(p) = -4*p**2 + 95*p + 7513. Give c(-33).
22
Let h(d) = -8*d**2 - 345*d - 2073. What is h(-36)?
-21
Let p(m) = m**2 - 9639*m + 86632. Calculate p(9).
-38
Let a(v) = -305*v + 5812. What is a(18)?
322
Let p(u) = -108*u + 3064. Determine p(29).
-68
Let f(a) = -167*a - 6637. What is f(-44)?
711
Let a(k) = 7*k**2 - 1553*k - 216. Give a(222).
6
Let n(h) = -100*h**2 - 1803*h + 55. Give n(-18).
109
Let a(v) = 571*v - 27965. What is a(49)?
14
Let f(q) = -4067*q + 345704. What is f(85)?
9
Let o(r) = 8*r**2 - 166*r + 1112. Determine o(11).
254
Let h(k) = -k**3 - 24*k**2 - 546*k - 14360. Calculate h(-25).
-85
Let r(b) = 9*b**2 + 11618*b + 23240. Give r(-2).
40
Let v(d) = 2*d**2 + 143*d + 1197. Determine v(-66).
471
Let a(v) = 4*v**3 - 194*v**2 + 518*v + 114. Give a(46).
2782
Let u(m) = 25*m**2 + 8*m - 654. Give u(-5).
-69
Let f(x) = -x**3 + 110*x**2 + 347*x - 1228. Give f(113).
-324
Let g(k) = -46469*k + 3949893. What is g(85)?
28
Let g(j) = -3*j**3 + 38*j**2 - 29*j - 224. Give g(11).
62
Let z(j) = -8*j**2 + 10010*j + 10011. What is z(-1)?
-7
Let u(n) = 8*n**2 - 210*n + 2623. What is u(14)?
1251
Let w(d) = d**2 - 2113*d - 27631. Calculate w(-13).
7
Let j(q) = -q**3 + 12*q**2 + 20138*q - 241702. Determine j(12).
-46
Let j(n) = 4088*n - 171700. Calculate j(42).
-4
Let x(s) = -s**3 + 9*s**2 - 707*s + 3424. Calculate x(5).
-11
Let g(n) = -2*n**2 - 122*n + 2725. What is g(19)?
-315
Let w(c) = 2*c**3 + 226*c**2 + 4665*c + 497389. Give w(-112).
-3
Let j(y) = 785173*y + 3140634. Calculate j(-4).
-58
Let c(g) = -18*g**2 - 3059*g + 100. Determine c(-170).
-70
Let j(y) = -17253*y - 293334. Calculate j(-17).
-33
Let v(p) = -214*p**2 + 32958*p - 213. Determine v(154).
95
Let l(w) = -3*w**3 - 41*w**2 + 36101*w + 469664. Give l(-13).
13
Let n(y) = 138719*y - 1248479. Determine n(9).
-8
Let v(g) = -74*g**3 + 1478*g**2 + 68*g - 544. Determine v(20).
16
Let c(i) = -i**3 - 17*i**2 - 104*i - 1910. Give c(-20).
1370
Let v(u) = u**3 - 129*u**2 - 685*u + 2021. Give v(134).
11
Let y(t) = -5098*t + 382244. Determine y(75).
-106
Let f(p) = 563513*p - 3381000. Determine f(6).
78
Let m(p) = -3*p + 1142. Give m(128).
758
Let w(c) = 6*c**2 - 166*c - 1866. Determine w(-10).
394
Let m(j) = -1988003*j + 21868042. Calculate m(11).
9
Let d(q) = -2179*q - 370388. What is d(-170)?
42
Let t(f) = -2113*f - 36148. Calculate t(-17).
-227
Let t(m) = -m**3 + 58*m**2 - 60*m + 27. Calculate t(56).
2939
Let o(p) = -6*p**3 + 166*p**2 - 106*p + 443. Calculate o(27).
497
Let q(i) = -8*i**3 - 1245*i**2 + 1727*i + 46. What is q(-157)?
46
Let z(s) = -s**3 - 94*s**2 - 1967*s - 5265. Determine z(-65).
65
Let c(w) = w**3 - 40*w**2 + 215*w - 2001. Calculate c(36).
555
Let y(w) = -388289*w - 388303. Give y(-1).
-14
Let h(o) = 73*o - 18385. Calculate h(252).
11
Let v(u) = -2*u**3 - 7*u**2 - 12489*u - 62507. What is v(-5)?
13
Let g(p) = -p**3 - 425*p**2 + 1126*p - 67643. Give g(-428).
-19
Let d(w) = 2*w**3 + 49*w**2 + 92*w + 1637. Calculate d(-24).
5
Let f(u) = -29*u**2 + 591*u + 289. What is f(21)?
-89
Let z(k) = 10629*k + 850361. What is z(-80)?
41
Let z(f) = 2*f**2 + 284*f - 9794. Determine z(-168).
-1058
Let d(c) = -4849*c - 858262. Give d(-177).
11
Let y(u) = 51*u**2 - 375*u - 32. Determine y(7).
-158
Let n(d) = -d**3 - 156*d**2 - 1829*d + 184. Calculate n(-13).
-206
Let z(i) = i**2 + 140*i + 3138. Determine z(-112).
2
Let p(f) = -3*f**2 + 54853*f - 164542. Determine p(3).
-10
Let z(m) = 159869*m + 1. Give z(0).
1
Let f(b) = -3*b**2 - 612*b - 16488. Calculate f(-172).
24
Let r(n) = n**3 + 16*n**2 + 21937*n - 221976. Determine r(10).
-6
Let d(j) = -85*j**2 - 2692*j - 16964. Calculate d(-23).
-13
Let b(k) = k**2 - 4285*k + 85308. Calculate b(20).
8
Let d(v) = -4*v**3 + 202*v**2 + 116*v - 1113. Calculate d(51).
-399
Let t(s) = -8*s**2 + 2605*s + 1488. Determine t(326).
510
Let x(v) = 85*v**3 - 514*v**2 - 596*v + 3735. Determine x(6).
15
Let o(p) = -6308*p - 12606. Determine o(-2).
10
Let i(g) = 4*g**3 + 33*g**2 + 123*g + 428. Calculate i(-6).
14
Let n(h) = 37483*h - 300441. Determine n(8).
-577
Let x(n) = 222*n**2 + 16648*n - 190. What is x(-75)?
-40
Let x(y) = 13*y**3 + 206*y**2 - 74*y - 678. Give x(-16).
-6
Let z(t) = 23106*t - 716280. What is z(31)?
6
Let o(b) = -2*b**3 + 38*b**2 + 222*b + 98. Determine o(-5).
188
Let k(y) = -y**2 - 423*y - 33219. Give k(-106).
383
Let b(a) = a**2 - 99*a + 1890. Calculate b(71).
-98
Let g(a) = -2*a**3 + 55*a**2 - 9*a + 201. Calculate g(28).
-835
Let n(f) = 2*f**2 + 205*f + 3520. Give n(-81).
37
Let b(t) = -21*t**2 - 709*t + 22. What is b(-33)?
550
Let t(i) = 22402*i - 358431. Give t(16).
1
Let b(v) = -104*v + 1189. What is b(-8)?
2021
Let q(o) = 122*o**2 + 11*o - 33. Give q(2).
477
Let m(g) = -225*g**2 + 12151*g - 50. Calculate m(54).
4
Let k(q) = q**3 + 126*q**2 + 1057*q + 150. Determine k(-117).
-318
Let m(h) = -465*h**2 + 123*h - 125. Calculate m(1).
-467
Let n(z) = -6654*z - 359300. Give n(-54).
16
Let p(o) = o**3 - 137*o**2 - 580*o + 2341. Determine p(141).
85
Let n(c) = 976*c + 76228. What is n(-78)?
100
Let y(u) = -u**2 + 651*u - 105830. Determine y(329).
108
Let m(j) = -245*j**3 - 6*j**2 + 41*j - 41. Calculate m(1).
-251
Let h(t) = 9*t**2 - 2052*t + 4070. What is h(226)?
2
Let w(g) = -2*g**3 - 223*g**2 - 1335*g - 3. Calculate w(-6).
411
Let z(p) = 666*p**2 - 2666*p + 19. Calculate z(4).
11
Let g(l) = -l**3 + 133*l**2 - 3548*l - 155. What is g(37)?
-7
Let j(f) = -13*f**3 - 340*f**2 - 62*f + 69. Give j(-26).
329
Let z(h) = -h**3 - 284*h**2 - 2217*h - 42. Give z(-8).
30
Let f(v) = 18054*v + 108339. Determine f(-6).
15
Let g(s) = 14*s**2 + 885*s - 1643. What is g(-65)?
-18
Let q(h) = -h**3 - 13*h**2 + 265*h + 2666. What is q(-9)?
-43
Let m(d) = -541*d - 87949. Calculate m(-163).
234
Let j(u) = -6*u**2 + 862*u - 10746. What is j(130)?
-86
Let v(z) = 2*z**3 + 185*z**2 - 286*z - 232. Calculate v(-94).
144
Let i(x) = 3*x**2 - 2684*x - 228671. Calculate i(973).
-16
Let y(p) = 749*p - 928. What is y(1)?
-179
Let q(w) = 26*w**2 - 273*w - 478. What is q(12)?
-10
Let g(u) = -u**2 - 496*u + 36457. Determine g(69).
-2528
Let f(d) = -d**2 + 51*d + 1401. Calculate f(67).
329
Let g(l) = -33*l**2 + 756*l - 2431. Give g(4).
65
Let v(k) = -329558*k - 15818796. Give v(-48).
-12
Let d(g) = g**3 - 450*g**2 + 2589*g - 960843. Give d(449).
17
Let p(y) = -4*y**3 + 187*y**2 + 84*y + 1. What is p(0)?
1
Let m(w) = -75215*w + 14967789. Give m(199).
4
Let m(p) = 2*p**3 + 12*p**2 + 101*p + 771. What is m(-9)?
-624
Let t(d) = 193605*d + 2323344. Give t(-12).
84
Let m(p) = -5*p**3 + 2906*p**2 + 85282*p - 158. What is m(-28)?
10
Let r(q) = 38*q**3 - 12*q**2 + 226*q - 630. Determine r(3).
966
Let k(f) = f**3 - 431*f**2 + 10906*f + 762. What is k(404)?
-46
Let w(l) = -28*l**2 + 650*l - 877. Determine w(20).
923
Let u(r) = 7*r**2 - 5595*r 